03
What are the prime factors of 153003?
3, 51001
List the prime factors of 996615.
3, 5, 22147
List the prime factors of 1444326.
2, 3, 13, 18517
List the prime factors of 19256264.
2, 2407033
List the prime factors of 3498071.
19, 31, 5939
List the prime factors of 71931.
3, 23977
What are the prime factors of 106552?
2, 19, 701
What are the prime factors of 7270969?
7270969
List the prime factors of 5303242.
2, 7, 19, 19937
List the prime factors of 8545391.
827, 10333
What are the prime factors of 3774114?
2, 3, 23297
What are the prime factors of 266972?
2, 31, 2153
What are the prime factors of 3943452?
2, 3, 328621
List the prime factors of 2746306.
2, 1373153
List the prime factors of 20196546.
2, 3, 271, 12421
What are the prime factors of 34934?
2, 17467
What are the prime factors of 9554177?
23, 37, 103, 109
What are the prime factors of 2838451?
7, 11, 191, 193
List the prime factors of 10137431.
19, 533549
What are the prime factors of 1884109?
1884109
What are the prime factors of 1687617?
3, 187513
What are the prime factors of 173496?
2, 3, 7229
List the prime factors of 86197.
86197
What are the prime factors of 1519155?
3, 5, 11, 31
What are the prime factors of 411426?
2, 3, 19, 401
What are the prime factors of 383690?
2, 5, 17, 37, 61
List the prime factors of 10545630.
2, 3, 5, 71, 4951
List the prime factors of 460717.
17, 41, 661
List the prime factors of 131344.
2, 8209
List the prime factors of 14277.
3, 4759
What are the prime factors of 4951899?
3, 550211
List the prime factors of 5537965.
5, 1107593
What are the prime factors of 888837?
3, 296279
What are the prime factors of 9818109?
3, 7, 101, 1543
List the prime factors of 9143072.
2, 285721
List the prime factors of 202486.
2, 137, 739
List the prime factors of 124268.
2, 47, 661
List the prime factors of 375203.
375203
List the prime factors of 1154413.
13, 88801
What are the prime factors of 2073374?
2, 43, 24109
What are the prime factors of 41031?
3, 47, 97
What are the prime factors of 1931340?
2, 3, 5, 32189
List the prime factors of 4606987.
7, 11, 19, 47, 67
List the prime factors of 256154.
2, 211, 607
What are the prime factors of 623274?
2, 3, 73, 1423
What are the prime factors of 927912?
2, 3, 23, 41
List the prime factors of 5530196.
2, 7, 197507
What are the prime factors of 698611?
19, 83, 443
List the prime factors of 6188613.
3, 2062871
What are the prime factors of 6085627?
6085627
List the prime factors of 3962044.
2, 990511
List the prime factors of 5482467.
3, 609163
List the prime factors of 15130.
2, 5, 17, 89
What are the prime factors of 459988?
2, 114997
List the prime factors of 2654022.
2, 3, 7, 29, 2179
List the prime factors of 1307897.
337, 3881
List the prime factors of 5874050.
2, 5, 7, 13, 1291
What are the prime factors of 362504?
2, 113, 401
What are the prime factors of 3977736?
2, 3, 7, 23677
What are the prime factors of 2187165?
3, 5, 139, 1049
What are the prime factors of 5906250?
2, 3, 5, 7
List the prime factors of 2124044.
2, 13, 40847
What are the prime factors of 8406232?
2, 47, 79, 283
What are the prime factors of 610357?
11, 55487
What are the prime factors of 357459?
3, 17, 43, 163
What are the prime factors of 140717?
140717
What are the prime factors of 302846?
2, 151423
What are the prime factors of 16290081?
3, 271, 6679
What are the prime factors of 7881384?
2, 3, 7, 43, 1091
List the prime factors of 6748330.
2, 5, 674833
What are the prime factors of 7206182?
2, 179, 20129
List the prime factors of 12942373.
12942373
What are the prime factors of 704205?
3, 5, 15649
What are the prime factors of 1783384?
2, 29, 7687
List the prime factors of 77897.
61, 1277
What are the prime factors of 1576575?
3, 5, 7, 11, 13
What are the prime factors of 3517223?
19, 9743
What are the prime factors of 65528?
2, 8191
List the prime factors of 478947.
3, 7, 22807
List the prime factors of 8558132.
2, 11, 19, 29, 353
What are the prime factors of 6547640?
2, 5, 11, 23, 647
List the prime factors of 2827821.
3, 942607
What are the prime factors of 2121419?
421, 5039
What are the prime factors of 669625?
5, 11, 487
What are the prime factors of 11076833?
11076833
What are the prime factors of 988274?
2, 7, 73, 967
What are the prime factors of 7099751?
29, 137, 1787
What are the prime factors of 18685937?
1033, 18089
What are the prime factors of 280291?
11, 83, 307
List the prime factors of 1368382.
2, 684191
List the prime factors of 484227.
3, 173, 311
List the prime factors of 184202.
2, 31, 2971
What are the prime factors of 2395836?
2, 3, 61, 1091
What are the prime factors of 4558723?
13, 173, 2027
What are the prime factors of 403742?
2, 23, 67, 131
List the prime factors of 375674.
2, 13, 14449
List the prime factors of 11091387.
3, 1223, 3023
List the prime factors of 2115620.
2, 5, 13, 79, 103
What are the prime factors of 19064484?
2, 3, 29, 2029
What are the prime factors of 44599?
103, 433
List the prime factors of 16746.
2, 3, 2791
List the prime factors of 2481910.
2, 5, 283, 877
What are the prime factors of 197964?
2, 3, 13, 47
List the prime factors of 16422155.
5, 139, 23629
What are the prime factors of 1143569?
7, 163367
What are the prime factors of 5537330?
2, 5, 553733
List the prime factors of 163670.
2, 5, 13, 1259
List the prime factors of 889462.
2, 7, 63533
What are the prime factors of 6588489?
3, 347, 6329
What are the prime factors of 1231213?
23, 199, 269
List the prime factors of 2229524.
2, 11, 50671
What are the prime factors of 691980?
2, 3, 5, 19, 607
What are the prime factors of 1576418?
2, 788209
List the prime factors of 28497059.
59, 547, 883
List the prime factors of 462008.
2, 57751
What are the prime factors of 24037256?
2, 1093, 2749
What are the prime factors of 277116?
2, 3, 7, 3299
List the prime factors of 23241177.
3, 2582353
List the prime factors of 73061.
73061
What are the prime factors of 280056?
2, 3, 7, 1667
List the prime factors of 422.
2, 211
List the prime factors of 5250555.
3, 5, 19, 23, 89
List the prime factors of 10195742.
2, 19, 71, 3779
List the prime factors of 316924.
2, 79231
What are the prime factors of 335970?
2, 3, 5, 3733
List the prime factors of 1164994.
2, 241, 2417
What are the prime factors of 2147343?
3, 11, 65071
List the prime factors of 330336.
2, 3, 31, 37
What are the prime factors of 1507972?
2, 23, 37, 443
List the prime factors of 581230.
2, 5, 13, 17, 263
What are the prime factors of 8211638?
2, 709, 5791
What are the prime factors of 8116271?
107, 75853
List the prime factors of 1343473.
193, 6961
What are the prime factors of 23383835?
5, 4676767
List the prime factors of 362675.
5, 89, 163
List the prime factors of 446667.
3, 13, 881
List the prime factors of 5042152.
2, 23, 67, 409
List the prime factors of 19913735.
5, 3982747
List the prime factors of 673874.
2, 347, 971
List the prime factors of 1698207.
3, 7, 193, 419
List the prime factors of 4184085.
3, 5, 19, 53, 277
What are the prime factors of 2286796?
2, 571699
List the prime factors of 7615347.
3, 2538449
List the prime factors of 6079143.
3, 7, 337, 859
List the prime factors of 32047042.
2, 16023521
List the prime factors of 336415.
5, 61, 1103
List the prime factors of 4503993.
3, 13, 53, 2179
List the prime factors of 3486901.
11, 316991
List the prime factors of 145650.
2, 3, 5, 971
What are the prime factors of 98756?
2, 7, 3527
What are the prime factors of 5468734?
2, 181, 15107
List the prime factors of 239649.
3, 17, 37, 127
What are the prime factors of 1007222?
2, 503611
What are the prime factors of 2992972?
2, 43, 17401
What are the prime factors of 38888452?
2, 17, 337, 1697
What are the prime factors of 698741?
331, 2111
List the prime factors of 13488189.
3, 11, 13, 23, 1367
List the prime factors of 28735.
5, 7, 821
What are the prime factors of 12861925?
5, 127, 4051
What are the prime factors of 7263069?
3, 11, 97, 2269
What are the prime factors of 1688501?
947, 1783
What are the prime factors of 4240754?
2, 7, 109, 397
List the prime factors of 1851106.
2, 61, 15173
List the prime factors of 23014.
2, 37, 311
List the prime factors of 4669633.
1913, 2441
What are the prime factors of 100951?
157, 643
List the prime factors of 6385068.
2